{"id":116,"date":"2013-03-05T13:45:24","date_gmt":"2013-03-05T12:45:24","guid":{"rendered":"https:\/\/allergiejagis.fr\/?page_id=116"},"modified":"2013-06-26T10:37:14","modified_gmt":"2013-06-26T09:37:14","slug":"presse","status":"publish","type":"page","link":"https:\/\/allergiejagis.fr\/?page_id=116","title":{"rendered":"Presse"},"content":{"rendered":"<h3>A t\u00e9l\u00e9charger<\/h3>\n<p><a href=\"https:\/\/allergiejagis.fr\/wp-content\/uploads\/Examens_Allergie.pdf\">Communiqu\u00e9 de presse \u00ab\u00a0Brevet, baccalaur\u00e9at et allergies : 10 cl\u00e9s pour ne pas \u00eatre g\u00ean\u00e9 pendant vos examens\u00a0\u00bb<\/a><\/p>\n<p><a href=\"https:\/\/allergiejagis.fr\/wp-content\/uploads\/OrientationPro_Allergie.pdf\">Communiqu\u00e9 de presse \u00ab\u00a0Orientation professionnelle et allergie : prendre les bonnes d\u00e9cisions pour l&rsquo;avenir\u00a0\u00bb<\/a><\/p>\n<p><a href=\"https:\/\/allergiejagis.fr\/wp-content\/uploads\/DossierPresseJFA2013.pdf\">Dossier de presse \u00ab\u00a0Allergie, j&rsquo;agis !\u00a0\u00bb<\/a><\/p>\n<p><a href=\"https:\/\/allergiejagis.fr\/wp-content\/uploads\/Brochure_JFA.pdf\">Brochure \u00ab\u00a0Allergie, j&rsquo;agis !\u00a0\u00bb<\/a><\/p>\n<p><a href=\"https:\/\/allergiejagis.fr\/wp-content\/uploads\/Allergie_Jagis_Vecto_21x26cm1.pdf\">Visuel \u00ab\u00a0Allergie, j&rsquo;agis !\u00a0\u00bb<\/a><\/p>\n<p><a href=\"https:\/\/allergiejagis.fr\/wp-content\/uploads\/Affiche.pdf\">Affiche \u00ab\u00a0Allergie, j&rsquo;agis !\u00a0\u00bb<\/a><\/p>\n<h3>Contact presse<\/h3>\n<p>Mathilde Palix \/ 01 84 16 62 15 \/ jfa@opinionvalley.com<\/p>\n<p>Marie-Caroline Lafay \/ 06 16 56 46 56 \/ mclafay@wanadoo.fr<\/p>\n<h3>Toutes nos actualit\u00e9s sur les r\u00e9seaux sociaux<\/h3>\n<p><a href=\"https:\/\/www.facebook.com\/associationasthmeetallergies\" target=\"_blank\">Facebook de l&rsquo;Association Asthme &amp; Allergies<\/a><\/p>\n<p><a href=\"https:\/\/twitter.com\/AsthmeAllergies\" target=\"_blank\">Twitter de l&rsquo;Association Asthme &amp; Allergies<\/a><\/p>\n","protected":false},"excerpt":{"rendered":"<p>A t\u00e9l\u00e9charger Communiqu\u00e9 de presse \u00ab\u00a0Brevet, baccalaur\u00e9at et allergies : 10 cl\u00e9s pour ne pas \u00eatre g\u00ean\u00e9 pendant vos examens\u00a0\u00bb Communiqu\u00e9 de presse \u00ab\u00a0Orientation professionnelle et allergie : prendre les bonnes d\u00e9cisions pour l&rsquo;avenir\u00a0\u00bb Dossier de presse \u00ab\u00a0Allergie, j&rsquo;agis !\u00a0\u00bb Brochure \u00ab\u00a0Allergie, j&rsquo;agis !\u00a0\u00bb Visuel \u00ab\u00a0Allergie, j&rsquo;agis !\u00a0\u00bb Affiche \u00ab\u00a0Allergie, j&rsquo;agis !\u00a0\u00bb Contact presse Mathilde [&hellip;]<\/p>\n","protected":false},"author":2,"featured_media":0,"parent":0,"menu_order":0,"comment_status":"open","ping_status":"closed","template":"","meta":{"_acf_changed":false,"jetpack_post_was_ever_published":false,"footnotes":""},"class_list":["post-116","page","type-page","status-publish","hentry"],"acf":[],"jetpack_sharing_enabled":true,"jetpack_shortlink":"https:\/\/wp.me\/P6hvoB-1S","_links":{"self":[{"href":"https:\/\/allergiejagis.fr\/index.php?rest_route=\/wp\/v2\/pages\/116","targetHints":{"allow":["GET"]}}],"collection":[{"href":"https:\/\/allergiejagis.fr\/index.php?rest_route=\/wp\/v2\/pages"}],"about":[{"href":"https:\/\/allergiejagis.fr\/index.php?rest_route=\/wp\/v2\/types\/page"}],"author":[{"embeddable":true,"href":"https:\/\/allergiejagis.fr\/index.php?rest_route=\/wp\/v2\/users\/2"}],"replies":[{"embeddable":true,"href":"https:\/\/allergiejagis.fr\/index.php?rest_route=%2Fwp%2Fv2%2Fcomments&post=116"}],"version-history":[{"count":0,"href":"https:\/\/allergiejagis.fr\/index.php?rest_route=\/wp\/v2\/pages\/116\/revisions"}],"wp:attachment":[{"href":"https:\/\/allergiejagis.fr\/index.php?rest_route=%2Fwp%2Fv2%2Fmedia&parent=116"}],"curies":[{"name":"wp","href":"https:\/\/api.w.org\/{rel}","templated":true}]}}